at is b(16)?
7
Let z(h) = 1348*h - 66152. Calculate z(49).
-100
Let h(v) = -2*v**3 - 31*v**2 + 427*v + 2950. What is h(-5)?
290
Let a(v) = 2*v**3 - 57*v**2 - 105*v + 3723. Calculate a(28).
-1
Let x(t) = -9*t**3 - 619*t**2 - 1044*t + 1837. What is x(-67)?
-39
Let c(w) = 3586*w - 286699. Calculate c(80).
181
Let h(j) = 34*j + 1362. Calculate h(-41).
-32
Let m(c) = 31531*c + 3563011. Determine m(-113).
8
Let z(m) = 7*m**3 - 98*m**2 - 670*m + 9396. Give z(14).
16
Let u(g) = g**2 + 897*g + 67905. Determine u(-83).
343
Let n(k) = -35*k**2 + 10239*k - 20470. Calculate n(2).
-132
Let j(d) = 99*d**3 - 10*d**2 - 3*d - 8. What is j(-1)?
-114
Let r(n) = -2675*n - 139134. Determine r(-52).
-34
Let u(l) = l**2 - 1613*l - 98809. What is u(-59)?
-161
Let m(g) = 26*g + 2216. Calculate m(-48).
968
Let w(k) = k**3 + 10*k**2 - 136*k + 13921. Give w(-30).
1
Let u(m) = 220*m**2 + 10*m - 35. Give u(3).
1975
Let u(f) = 55*f**2 + 28*f - 10. What is u(-5)?
1225
Let s(k) = 26*k - 4631. Give s(177).
-29
Let o(c) = -1121713*c - 16825697. Calculate o(-15).
-2
Let w(v) = -v**3 + 902*v**2 + 41617*v - 38. Determine w(-44).
270
Let g(a) = 4453*a - 57912. What is g(13)?
-23
Let o(n) = 3*n**2 - 616*n - 133564. What is o(-132)?
20
Let z(t) = -3966*t + 24493. Determine z(6).
697
Let x(o) = 1933*o - 52111. Calculate x(26).
-1853
Let g(r) = -874*r - 3353. Calculate g(-3).
-731
Let i(x) = -63725*x - 63718. Calculate i(-1).
7
Let d(i) = -i**2 + 510*i - 65031. Give d(259).
-22
Let c(m) = 7355*m + 191090. Give c(-26).
-140
Let z(p) = -3923*p + 6. Calculate z(0).
6
Let y(k) = k**2 - 1516*k + 574431. Give y(770).
11
Let p(n) = 174*n**2 - 1507*n - 8. Give p(9).
523
Let w(o) = -4020*o + 15938. Give w(4).
-142
Let n(y) = -242047*y + 5567071. Give n(23).
-10
Let b(z) = -z**2 + 196*z + 2725. Determine b(-13).
8
Let j(b) = -155*b**2 - 5197*b - 2585. Calculate j(-33).
121
Let w(v) = -2*v**2 - 281*v - 9601. Give w(-70).
269
Let j(v) = 21234*v + 870592. What is j(-41)?
-2
Let a(z) = 297*z + 6011. What is a(-22)?
-523
Let q(j) = j**3 - 90*j**2 - 168*j - 1185. Give q(92).
287
Let q(z) = 1119499*z + 11194995. Determine q(-10).
5
Let f(u) = 565*u**3 - 9*u**2 - 132*u - 128. Determine f(-1).
-570
Let l(c) = 489*c - 59215. Give l(121).
-46
Let r(a) = -242*a + 2640. Calculate r(6).
1188
Let l(u) = u**3 - 15*u**2 + 39*u - 689. What is l(16)?
191
Let i(a) = -27*a**2 + 4050*a - 50. Calculate i(150).
-50
Let g(k) = 3*k**2 + 272*k + 10523. What is g(-43)?
4374
Let b(l) = -l**3 + 41*l**2 - 2197*l + 98175. Determine b(43).
6
Let u(q) = -q**3 - 164*q**2 - 6423*q + 790. What is u(-65)?
10
Let s(r) = 29*r**3 - 492*r**2 - 19*r + 1. Determine s(17).
-33
Let l(j) = -j**3 - 16*j**2 + 241*j + 2276. Calculate l(-9).
-460
Let r(k) = -932*k - 141667. Calculate r(-152).
-3
Let y(w) = 3451*w - 7141. Calculate y(2).
-239
Let t(k) = -711816*k + 4270874. What is t(6)?
-22
Let d(m) = -3773*m**2 - 41517*m - 190. What is d(-11)?
-36
Let l(k) = -1054297*k - 14760164. What is l(-14)?
-6
Let h(a) = -3*a**2 - 10916*a + 1978254. Give h(173).
-1
Let j(k) = -109487*k - 2737179. What is j(-25)?
-4
Let i(j) = -74*j - 1120. Determine i(-34).
1396
Let q(a) = -4974*a - 9414. Determine q(-2).
534
Let g(t) = 976258*t + 3905037. Give g(-4).
5
Let i(h) = -h**3 + 40*h**2 + 684*h - 16720. Give i(47).
-35
Let k(p) = p**3 - 50*p**2 - 132*p + 1467. What is k(52)?
11
Let q(a) = 3*a**2 + 5424*a + 59304. Determine q(-11).
3
Let q(m) = -973*m + 188787. What is q(194)?
25
Let m(n) = 25526*n + 25494. Calculate m(-1).
-32
Let j(f) = -10187*f + 71309. Calculate j(7).
0
Let g(n) = n**3 - 374*n**2 - 6634*n - 5119. Give g(391).
-36
Let l(z) = 42*z**2 - 199*z - 64. Determine l(5).
-9
Let s(z) = 2*z**3 - 151*z**2 - 200*z - 2367. Give s(77).
20
Let c(r) = -5*r**2 - 310*r - 4595. Give c(-39).
-110
Let l(n) = n**3 - 7*n**2 + 19255*n - 96258. Determine l(5).
-33
Let d(n) = -n**3 + 19*n**2 + 16*n + 208. Determine d(22).
-892
Let d(n) = 4*n**2 + 1586*n - 6323. Determine d(4).
85
Let u(s) = 1225*s - 5996. Calculate u(5).
129
Let k(d) = 615*d + 4630. Give k(-7).
325
Let h(z) = -1787*z**2 + 7079*z + 301. Calculate h(4).
25
Let c(a) = 26600*a - 319195. What is c(12)?
5
Let u(c) = 1191*c - 130963. Give u(110).
47
Let x(r) = 3016*r - 1610542. Determine x(534).
2
Let k(p) = -p**3 + 106*p**2 - 756*p + 342. Determine k(7).
-99
Let i(n) = 1862*n**2 - 3826*n + 222. Give i(2).
18
Let g(t) = 3*t**2 + 202*t - 11298. Calculate g(-100).
-1498
Let k(s) = 2*s**3 - 44*s**2 + 591*s - 12793. Give k(22).
209
Let y(b) = -24077*b + 120384. Calculate y(5).
-1
Let w(h) = -h**3 - 118*h**2 + 14472*h + 224. Give w(75).
-1
Let j(u) = -243*u + 44766. Give j(183).
297
Let h(f) = -9*f**3 + 779*f**2 - 435*f + 444. Give h(86).
14
Let a(s) = -16426*s**2 + 180731*s - 496. What is a(11)?
-1
Let r(y) = -y**3 + 255*y**2 + 4653*y + 393. Give r(-17).
-100
Let l(r) = r**2 + 17291*r - 120886. Give l(7).
200
Let r(i) = -i**3 - 327*i**2 - 3992*i - 872073. What is r(-323)?
27
Let h(u) = 51*u**3 - 2280*u**2 - 670*u - 203. Determine h(45).
22
Let u(t) = t**3 + 10*t**2 - 427*t - 4012. Determine u(-9).
-88
Let c(q) = -2*q**3 - 451*q**2 + 1624*q + 4816. Determine c(-229).
7
Let s(h) = -h**3 + 59*h**2 - 102*h - 230. Give s(3).
-32
Let c(n) = 43*n + 472. Determine c(9).
859
Let a(z) = 17*z**2 + 285*z + 817. What is a(-13)?
-15
Let n(h) = -144115*h + 432301. What is n(3)?
-44
Let d(n) = 1048*n + 26242. Calculate d(-25).
42
Let f(v) = -2*v**3 + 47*v**2 + 98*v + 31. What is f(27)?
-2426
Let l(h) = 61*h**2 + 103*h - 51. Calculate l(-5).
959
Let p(z) = 3*z**3 + 56*z**2 - 552*z + 86. Determine p(7).
-5
Let v(x) = 2*x**3 + 68*x**2 + 447*x - 22. What is v(-11)?
627
Let s(n) = -n**2 + 49*n - 697. Determine s(36).
-229
Let g(i) = -574*i**2 + 32185*i - 2295. Determine g(56).
1
Let m(w) = 2*w**3 - 11*w**2 - 122*w + 740. Determine m(7).
33
Let j(n) = 2*n**3 - 147*n**2 - 62*n - 1788. Give j(74).
-900
Let b(k) = 9*k**2 - 4117*k + 28660. Determine b(7).
282
Let q(b) = -24330*b + 121662. Determine q(5).
12
Let o(d) = 339*d - 27766. Give o(82).
32
Let s(t) = 28*t**2 - 599*t - 4279. Give s(27).
-40
Let t(q) = 2*q**3 + 50*q**2 - 70*q + 996. What is t(-27)?
-30
Let v(n) = 1933*n - 208200. Determine v(108).
564
Let d(p) = p**3 - 279*p**2 + 8538*p + 59. Give d(35).
-11
Let x(k) = -6*k**3 + 81*k**2 - 5*k - 343. Calculate x(13).
99
Let a(z) = -16*z**2 - 10100*z - 111614. What is a(-620)?
-14
Let y(h) = 1048*h + 73428. Determine y(-70).
68
Let y(p) = -5*p**3 + 391*p**2 - 105*p + 611. Determine y(78).
-1495
Let b(r) = -r**3 + 285*r**2 - 565*r - 2908. Give b(283).
-2625
Let i(c) = -15*c + 71. Give i(25).
-304
Let j(h) = -29883*h + 1105671. What is j(37)?
0
Let s(a) = 367*a**2 - 20184*a - 82. Determine s(55).
-27
Let m(y) = -24861*y + 273167. Determine m(11).
-304
Let p(m) = 11*m**2 + 3312*m + 78976. Calculate p(-275).
51
Let y(n) = -n**2 + 164*n + 22573. Give y(254).
-287
Let q(d) = -1436109*d - 11488869. What is q(-8)?
3
Let b(p) = -p**2 - 114*p - 840. Determine b(-14).
560
Let i(x) = -117*x + 1757. Give i(3).
1406
Let k(y) = y**3 - 5*y**2 + 422*y - 311. Give k(0).
-311
Let w(a) = 1281*a + 24299. What is w(-19)?
-40
Let a(p) = p**2 + 5163*p + 118215. Calculate a(-23).
-5
Let v(j) = 211*j**2 + 85030*j - 1150. Calculate v(-403).
59
Let r(s) = 605*s**2 + 9478*s - 3227. What is r(-16)?
5
Let o(f) = -3*f**2 - 700*f - 6117. Calculate o(-9).
-60
Let d(k) = 4*k**2 - 303*k + 5051. Calculate d(22).
321
Let c(m) = -m**3 + 2894*m + 8653. Give c(-3).
-2
Let l(y) = -y**2 + 90*y - 2931. Calculate l(109).
-5002
Let z(p) = p**2 - 91535*p + 6. Determine z(0).
6
Let n(l) = -13168*l - 39374. What is n(-3)?
130
Let c(w) = 3*w**2 - 42*w + 673. What is c(23)?
1294
Let i(g) = -111978*g + 335979. What is i(3)?
45
Let a(p) = 253*p + 50891. Calculate a(-201).
38
Let d(h) = -h**3 + 7*h**2 + 216*h + 216. Calculate d(19).
-12
Let q(b) = 499*b - 129492. What is q(258)?
-750
Let p(o) = -8661*o - 1966061. Give p(-227).
-14
Let f(z) = 7*z**2 - 1278*z + 18579. Determine f(16).
-77
Let r(y) = 2*y**2 - 5379*y + 37565. Calculate r(7).
10
Let i(a) = 384*a - 91404. What is i(244)?
2292
Let k(x) = 2*x**2 + 64*x - 58. Determine k(-32).
-58
Let t(m) = -3*m**3 - 417*m**2 - 13687*m - 1107. Give t(-86).
11
Let v(q) = 226*q**3 + 15*q**2 + 93*q - 108. What is v(1)?
226
Let b(c) = -127*c**2 -